8).
23
Let j(o) = o**3 + 11*o**2 + 6*o + 286. Calculate j(-12).
70
Let y(b) = 3992*b - 15962. Give y(4).
6
Let h(r) = -68*r - 128. What is h(-2)?
8
Let x(u) = u**3 + 14*u**2 - 36*u + 4. Determine x(3).
49
Let k(g) = -107*g + 864. Give k(8).
8
Let r(p) = -28*p**2 - 166*p + 16. Give r(-6).
4
Let b(c) = c**2 + 42*c - 1265. What is b(20)?
-25
Let g(f) = -75*f**2 - 7*f - 7. Calculate g(-1).
-75
Let w(z) = z**2 - 552*z - 1106. Give w(-2).
2
Let r(f) = -43*f**3 - 516*f**2 + f + 15. Calculate r(-12).
3
Let x(v) = v**2 - 81*v + 1711. Calculate x(52).
203
Let h(s) = 37*s**3 - s**2 - 6*s + 6. Determine h(2).
286
Let x(h) = -218*h**2 - 4*h - 9. What is x(-1)?
-223
Let r(t) = 2*t**2 + 527*t - 3726. Determine r(7).
61
Let k(f) = f**3 + 10*f**2 - 30. Calculate k(-13).
-537
Let a(k) = k**3 - 131*k**2 + 502*k - 14. Calculate a(4).
-38
Let c(t) = -42*t + 107. Determine c(-2).
191
Let w(q) = 927*q - 26877. Give w(29).
6
Let l(b) = b**3 + 17*b**2 + 68*b - 18. Calculate l(-9).
18
Let j(s) = -s**3 + 20*s**2 + 68*s - 53. Calculate j(23).
-76
Let b(l) = 3*l - 176. Calculate b(27).
-95
Let o(f) = 19*f + 1310. Calculate o(-68).
18
Let q(g) = g**2 + 3*g - 547. What is q(-28)?
153
Let r(c) = 2*c**3 + 14*c**2 + 24*c + 1. Calculate r(-4).
1
Let b(t) = t - 4. What is b(-19)?
-23
Let j(a) = -451*a - 3547. Give j(-8).
61
Let d(q) = -q**3 - 28*q**2 - 38*q + 278. Calculate d(-26).
-86
Let n(w) = -3*w**2 - 2532*w - 7586. Give n(-3).
-17
Let v(f) = 7*f**2 - 45*f - 49. Give v(10).
201
Let z(r) = 9*r**2 + 555*r - 211. Calculate z(-62).
-25
Let q(y) = -536*y + 528. Determine q(1).
-8
Let d(s) = -s**3 - 55*s**2 - 246*s + 210. Give d(-50).
10
Let d(t) = -4324*t - 21625. Determine d(-5).
-5
Let n(u) = u**2 - 530*u + 62294. Give n(354).
-10
Let y(s) = -s**3 - 9*s**2 + 134*s + 562. Calculate y(10).
2
Let u(k) = k**3 - 103*k**2 + 196*k - 123. Determine u(101).
-729
Let r(i) = 2*i**3 - 14*i**2 - 42*i + 322. What is r(4)?
58
Let v(w) = -2*w - 138. Give v(-55).
-28
Let y(l) = -l**2 + 472*l + 6326. What is y(-13)?
21
Let y(g) = 6*g**3 - g**2 + 10*g + 5. Calculate y(-4).
-435
Let x(r) = -20*r**3 + r**2 - r + 2. Determine x(1).
-18
Let i(z) = 4*z**2 + 65*z + 256. Give i(-10).
6
Let x(y) = y**2 - 88*y + 430. Give x(5).
15
Let n(k) = -k**3 + 8*k**2 + 760*k - 3004. What is n(30)?
-4
Let q(l) = 13*l**2 - 392*l + 66. Calculate q(30).
6
Let u(c) = -c**3 + 13*c**2 + c - 16. Determine u(13).
-3
Let g(a) = -a**3 + 9*a**2 + 15*a + 16. Determine g(11).
-61
Let c(w) = 13*w**3 - 259*w**2 - 20*w + 6. Calculate c(20).
6
Let z(n) = -8795*n + 52774. What is z(6)?
4
Let d(s) = -362*s - 367. Give d(-1).
-5
Let d(u) = 2*u**2 + 87*u - 837. Give d(9).
108
Let a(c) = -569*c + 5671. Determine a(10).
-19
Let q(k) = 3*k**3 - 49*k**2 + 63*k - 53. Determine q(15).
-8
Let c(n) = n**2 - 7*n - 96. Give c(-8).
24
Let c(w) = -w**3 + 8*w**2 + 94*w - 24. Calculate c(-6).
-84
Let d(b) = -107*b**2 - 18*b - 30. Give d(-2).
-422
Let b(c) = -130*c + 5. Calculate b(2).
-255
Let y(h) = -2*h**2 - 126*h + 1139. Calculate y(8).
3
Let y(u) = 15*u + 865. Determine y(-10).
715
Let x(b) = 4*b**2 - 26*b - 14. Give x(7).
0
Let m(x) = -23*x - 29. Give m(0).
-29
Let d(t) = -46*t - 192. What is d(-5)?
38
Let k(q) = 267*q + 4047. Calculate k(-15).
42
Let m(k) = k**2 + 49*k + 376. Calculate m(-35).
-114
Let y(z) = 30*z - 150. Calculate y(0).
-150
Let o(w) = -25*w**2 - 427*w - 49. Determine o(-17).
-15
Let q(o) = 3*o + 88. Give q(4).
100
Let x(v) = -63*v - 1786. Determine x(-29).
41
Let o(x) = -160*x - 26. What is o(-1)?
134
Let m(h) = -639*h + 1274. Calculate m(2).
-4
Let y(b) = 3*b**3 + b**2 + b - 1. Give y(2).
29
Let d(j) = -2*j**2 + 108*j + 17757. What is d(-71)?
7
Let z(a) = -254*a + 251. Determine z(1).
-3
Let o(k) = 2*k**2 + 81*k + 430. Give o(-50).
1380
Let r(p) = -61*p**2 + 15*p - 34. What is r(3)?
-538
Let n(l) = l**3 - 23*l**2 - 176*l + 3144. What is n(25)?
-6
Let j(w) = 2*w**3 + 194*w**2 + 1426*w + 162. Give j(-89).
-16
Let b(m) = 8*m**3 + 13*m**2 + 23*m - 12. Determine b(-2).
-70
Let h(i) = 68*i - 5666. Calculate h(80).
-226
Let l(m) = m**2 + 46*m - 779. What is l(-59)?
-12
Let g(b) = -b**3 + 66*b**2 - b + 72. Calculate g(66).
6
Let p(j) = -j**3 + 19*j**2 + 72*j - 39. Calculate p(22).
93
Let u(f) = 124*f + 7106. What is u(-58)?
-86
Let p(o) = -7*o**2 - 5*o - 17. Determine p(-5).
-167
Let s(o) = o**2 - 1158*o + 10354. What is s(9)?
13
Let l(z) = -157*z + 1528. Determine l(10).
-42
Let a(b) = -663*b + 7898. Determine a(12).
-58
Let g(m) = 4*m**2 + 190*m - 392. What is g(2)?
4
Let z(k) = 21131*k + 169044. Calculate z(-8).
-4
Let l(b) = -34*b**2 - 9*b + 10. Give l(1).
-33
Let l(k) = -7*k**3 - 4*k**2 - 50*k + 52. Determine l(1).
-9
Let a(n) = 8*n**3 + 3*n**2 + 139*n + 406. Give a(-3).
-200
Let f(g) = -g**2 + 23*g - 31. Determine f(15).
89
Let f(u) = 26*u**3 + 3*u**2 + 64*u + 62. What is f(-1)?
-25
Let t(h) = 5*h**2 + 14*h - 438. Determine t(8).
-6
Let l(i) = i**2 - 952*i - 7702. Calculate l(-8).
-22
Let j(s) = -s**3 - 11*s**2 + 10*s + 209. Give j(-9).
-43
Let j(o) = 202*o + 852. Give j(-6).
-360
Let l(v) = v**3 - 9*v**2 + 29*v - 171. Determine l(8).
-3
Let v(w) = 16*w + 341. Determine v(-17).
69
Let m(c) = c**3 - 12*c**2 - 9*c + 27. Give m(7).
-281
Let p(o) = 45*o**2 - 203*o - 85. Calculate p(5).
25
Let p(r) = r**3 - 9*r**2 + 21*r + 92. Determine p(5).
97
Let p(f) = f**3 + 68*f**2 + 65*f - 145. Determine p(-67).
-11
Let v(u) = 2*u**3 + 199*u**2 + 113*u + 1359. What is v(-99)?
-27
Let f(b) = -52*b**2 - 14*b - 7. Determine f(-2).
-187
Let m(t) = -3037*t + 6074. Calculate m(2).
0
Let h(i) = -374*i - 4126. What is h(-11)?
-12
Let t(q) = 372*q + 5225. Determine t(-14).
17
Let l(g) = 3*g**3 + 2*g**2 - 21*g - 7. Calculate l(-3).
-7
Let l(m) = -120*m + 11. What is l(-1)?
131
Let r(m) = -2*m + 17. What is r(-11)?
39
Let b(s) = -s**2 - 36*s - 57. Determine b(-34).
11
Let n(s) = s**3 - 7*s**2 - 39*s + 274. Give n(6).
4
Let a(r) = -104*r - 3304. Calculate a(-32).
24
Let v(h) = -3*h**3 - 117*h**2 + 803*h + 28. Calculate v(6).
-14
Let w(p) = -p**3 - 3*p**2 - 22*p - 175. Calculate w(-5).
-15
Let j(a) = -83*a**3 - 4*a**2 - 9*a + 13. What is j(1)?
-83
Let l(u) = u**2 + u - 182. Calculate l(12).
-26
Let a(x) = -3*x**2 + 31*x + 1227. What is a(-16)?
-37
Let u(o) = -o**3 + 18*o**2 + 12*o + 565. Calculate u(20).
5
Let h(p) = 5*p**2 + 95*p + 533. Give h(-6).
143
Let h(t) = -t**2 + 2890*t - 43133. Determine h(15).
-8
Let o(s) = -s**2 - 7*s + 157. Calculate o(9).
13
Let p(s) = -s**2 + 156*s + 1119. Determine p(163).
-22
Let s(g) = 85*g + 334. Calculate s(-4).
-6
Let a(r) = -15*r + 15. What is a(1)?
0
Let t(w) = w**3 + 47*w**2 + 390*w - 280. Determine t(-36).
-64
Let p(w) = 914*w + 13. Give p(0).
13
Let z(m) = 2*m**2 + 34*m - 233. Give z(6).
43
Let x(a) = 2*a**2 - 127*a - 10543. Determine x(111).
2
Let x(a) = -a**3 - 9*a**2 - 24*a - 5. Calculate x(-6).
31
Let v(x) = -134*x + 27. Calculate v(-1).
161
Let n(v) = 8*v**3 - 61*v**2 + 37*v - 22. What is n(7)?
-8
Let s(i) = 30*i**2 - 267*i - 29. What is s(9)?
-2
Let x(m) = -7*m - 58. What is x(-7)?
-9
Let y(w) = 518*w - 15044. Give y(29).
-22
Let r(g) = -114*g + 110. What is r(1)?
-4
Let f(o) = -77*o**2 + 1000*o + 12. Give f(13).
-1
Let w(v) = v**2 + 72*v - 110. Give w(-73).
-37
Let z(m) = 22*m**3 + 2*m**2 + 8*m + 4. Give z(-1).
-24
Let b(o) = o**3 + 34*o**2 + 72*o + 264. What is b(-32)?
8
Let d(r) = -77*r - 1294. Determine d(-17).
15
Let b(l) = -2*l**3 - 8*l**2 - 15*l + 93. Calculate b(-7).
492
Let s(a) = a**2 - 35*a + 267. Calculate s(22).
-19
Let q(x) = x**2 + 194*x + 6152. Determine q(-154).
-8
Let p(l) = -l**2 - 24*l - 8. Give p(-23).
15
Let c(t) = -t**2 + 39*t + 1181. Calculate c(-20).
1
Let b(x) = -3195*x + 35169. Give b(11).
24
Let q(i) = i**3 - 10*i**2 - 19*i - 3. Give q(-3).
-63
Let s(m) = -171*m - 6947. Calculate s(-41).
64
Let y(j) = -j**2 - 42*j - 190. Give y(-7).
55
Let k(w) = w**2 + 71*w - 5222. What is k(-116)?
-2
Let p(n) = 2*n**2 + 90*n + 225. Calculate p(-42).
-27
Let s(l) = l**3 - 4*l**2 + l + 126. Give s(0).
126
Let o(b) = -10*b - 138. Determine o(-15).
12
Let m(y) = 488*y - 49298. What is m(101)?
-10
Let h(a) = -a**3 - a**2 + 17*a + 6. Determine h(-6).
84
Let j(c) = 109*c + 2510. What is j(-23)?
3
Let y(x) = x**3 - 5*x**2 - 8*x + 45. Calculate y(6).
33
Let a(q) = q**2 + 89*q + 1580. Determine a(-2